{"id":22,"date":"2026-03-06T16:50:21","date_gmt":"2026-03-06T16:50:21","guid":{"rendered":"https:\/\/rentapro.com.br\/rentaproacademy\/?page_id=22"},"modified":"2026-04-13T18:31:33","modified_gmt":"2026-04-13T18:31:33","slug":"rent-a-pro-academy-inscricoes","status":"publish","type":"page","link":"https:\/\/rentapro.com.br\/rentaproacademy\/","title":{"rendered":"Rent a Pro Academy inscri\u00e7\u00f5es"},"content":{"rendered":"\t\t<div data-elementor-type=\"wp-page\" data-elementor-id=\"22\" class=\"elementor elementor-22\" data-elementor-post-type=\"page\">\n\t\t\t\t<div class=\"elementor-element elementor-element-299b7d09 elementor-hidden-mobile e-flex e-con-boxed e-con e-parent\" data-id=\"299b7d09\" data-element_type=\"container\" data-e-type=\"container\" data-settings=\"{&quot;background_background&quot;:&quot;classic&quot;}\">\n\t\t\t\t\t<div class=\"e-con-inner\">\n\t\t<div class=\"elementor-element elementor-element-4aa108bf e-con-full e-flex e-con e-child\" data-id=\"4aa108bf\" data-element_type=\"container\" data-e-type=\"container\">\n\t\t<div class=\"elementor-element elementor-element-446ede1e e-con-full e-flex e-con e-child\" data-id=\"446ede1e\" data-element_type=\"container\" data-e-type=\"container\">\n\t\t\t\t<div class=\"elementor-element elementor-element-1da9274b elementor-widget elementor-widget-image\" data-id=\"1da9274b\" data-element_type=\"widget\" data-e-type=\"widget\" data-widget_type=\"image.default\">\n\t\t\t\t\t\t\t\t\t\t\t\t\t\t\t<img fetchpriority=\"high\" decoding=\"async\" width=\"800\" height=\"825\" src=\"https:\/\/rentapro.com.br\/rentaproacademy\/wp-content\/uploads\/2026\/03\/Logo-RAP-Academy.png\" class=\"attachment-large size-large wp-image-13\" alt=\"\" srcset=\"https:\/\/rentapro.com.br\/rentaproacademy\/wp-content\/uploads\/2026\/03\/Logo-RAP-Academy.png 910w, https:\/\/rentapro.com.br\/rentaproacademy\/wp-content\/uploads\/2026\/03\/Logo-RAP-Academy-291x300.png 291w, https:\/\/rentapro.com.br\/rentaproacademy\/wp-content\/uploads\/2026\/03\/Logo-RAP-Academy-768x792.png 768w\" sizes=\"(max-width: 800px) 100vw, 800px\" \/>\t\t\t\t\t\t\t\t\t\t\t\t\t\t\t<\/div>\n\t\t\t\t<div class=\"elementor-element elementor-element-774fcbe4 elementor-widget elementor-widget-heading\" data-id=\"774fcbe4\" data-element_type=\"widget\" data-e-type=\"widget\" data-widget_type=\"heading.default\">\n\t\t\t\t\t<h2 class=\"elementor-heading-title elementor-size-default\">Rent a Pro Academy: Futebol, Goleiro, Society e Treino Funcional para Todos<\/h2>\t\t\t\t<\/div>\n\t\t\t\t<div class=\"elementor-element elementor-element-28eb4f89 elementor-widget__width-initial elementor-widget elementor-widget-text-editor\" data-id=\"28eb4f89\" data-element_type=\"widget\" data-e-type=\"widget\" data-widget_type=\"text-editor.default\">\n\t\t\t\t\t\t\t\t\t<p>Na Rent a Pro Academy, oferecemos treinamentos de futebol, goleiro, treino funcional e loca\u00e7\u00e3o de campo society. Pais, a escolinha de futebol \u00e9 o lugar ideal para seu filho aprender, se divertir e se desenvolver!<\/p>\t\t\t\t\t\t\t\t<\/div>\n\t\t<div class=\"elementor-element elementor-element-44b8e2ce e-con-full e-flex e-con e-child\" data-id=\"44b8e2ce\" data-element_type=\"container\" data-e-type=\"container\">\n\t\t<div class=\"elementor-element elementor-element-1f0897a7 e-con-full e-flex e-con e-child\" data-id=\"1f0897a7\" data-element_type=\"container\" data-e-type=\"container\">\n\t\t\t\t<div class=\"elementor-element elementor-element-38102465 elementor-widget__width-initial e-transform elementor-widget elementor-widget-image\" data-id=\"38102465\" data-element_type=\"widget\" data-e-type=\"widget\" data-settings=\"{&quot;_transform_translateY_effect&quot;:{&quot;unit&quot;:&quot;px&quot;,&quot;size&quot;:-18,&quot;sizes&quot;:[]},&quot;_transform_translateX_effect&quot;:{&quot;unit&quot;:&quot;px&quot;,&quot;size&quot;:&quot;&quot;,&quot;sizes&quot;:[]},&quot;_transform_translateX_effect_tablet&quot;:{&quot;unit&quot;:&quot;px&quot;,&quot;size&quot;:&quot;&quot;,&quot;sizes&quot;:[]},&quot;_transform_translateX_effect_mobile&quot;:{&quot;unit&quot;:&quot;px&quot;,&quot;size&quot;:&quot;&quot;,&quot;sizes&quot;:[]},&quot;_transform_translateY_effect_tablet&quot;:{&quot;unit&quot;:&quot;px&quot;,&quot;size&quot;:&quot;&quot;,&quot;sizes&quot;:[]},&quot;_transform_translateY_effect_mobile&quot;:{&quot;unit&quot;:&quot;px&quot;,&quot;size&quot;:&quot;&quot;,&quot;sizes&quot;:[]}}\" data-widget_type=\"image.default\">\n\t\t\t\t\t\t\t\t\t\t\t\t\t\t\t<img decoding=\"async\" width=\"100\" height=\"128\" src=\"https:\/\/rentapro.com.br\/rentaproacademy\/wp-content\/uploads\/2026\/03\/Pin.png\" class=\"attachment-large size-large wp-image-15\" alt=\"\" \/>\t\t\t\t\t\t\t\t\t\t\t\t\t\t\t<\/div>\n\t\t\t\t<div class=\"elementor-element elementor-element-57dfd437 elementor-widget__width-auto elementor-widget-mobile__width-initial e-transform elementor-widget elementor-widget-heading\" data-id=\"57dfd437\" data-element_type=\"widget\" data-e-type=\"widget\" data-settings=\"{&quot;_transform_translateY_effect&quot;:{&quot;unit&quot;:&quot;px&quot;,&quot;size&quot;:-29,&quot;sizes&quot;:[]},&quot;_transform_translateX_effect&quot;:{&quot;unit&quot;:&quot;px&quot;,&quot;size&quot;:&quot;&quot;,&quot;sizes&quot;:[]},&quot;_transform_translateX_effect_tablet&quot;:{&quot;unit&quot;:&quot;px&quot;,&quot;size&quot;:&quot;&quot;,&quot;sizes&quot;:[]},&quot;_transform_translateX_effect_mobile&quot;:{&quot;unit&quot;:&quot;px&quot;,&quot;size&quot;:&quot;&quot;,&quot;sizes&quot;:[]},&quot;_transform_translateY_effect_tablet&quot;:{&quot;unit&quot;:&quot;px&quot;,&quot;size&quot;:&quot;&quot;,&quot;sizes&quot;:[]},&quot;_transform_translateY_effect_mobile&quot;:{&quot;unit&quot;:&quot;px&quot;,&quot;size&quot;:&quot;&quot;,&quot;sizes&quot;:[]}}\" data-widget_type=\"heading.default\">\n\t\t\t\t\t<h2 class=\"elementor-heading-title elementor-size-default\">JOCKEY CLUB DE SP<\/h2>\t\t\t\t<\/div>\n\t\t\t\t<\/div>\n\t\t\t\t<\/div>\n\t\t\t\t<div class=\"elementor-element elementor-element-1d5dc164 elementor-align-center e-transform e-transform elementor-widget elementor-widget-button\" data-id=\"1d5dc164\" data-element_type=\"widget\" data-e-type=\"widget\" data-settings=\"{&quot;_transform_translateY_effect&quot;:{&quot;unit&quot;:&quot;px&quot;,&quot;size&quot;:-55,&quot;sizes&quot;:[]},&quot;_transform_translateX_effect&quot;:{&quot;unit&quot;:&quot;px&quot;,&quot;size&quot;:&quot;&quot;,&quot;sizes&quot;:[]},&quot;_transform_translateX_effect_tablet&quot;:{&quot;unit&quot;:&quot;px&quot;,&quot;size&quot;:&quot;&quot;,&quot;sizes&quot;:[]},&quot;_transform_translateX_effect_mobile&quot;:{&quot;unit&quot;:&quot;px&quot;,&quot;size&quot;:&quot;&quot;,&quot;sizes&quot;:[]},&quot;_transform_translateY_effect_tablet&quot;:{&quot;unit&quot;:&quot;px&quot;,&quot;size&quot;:&quot;&quot;,&quot;sizes&quot;:[]},&quot;_transform_translateY_effect_mobile&quot;:{&quot;unit&quot;:&quot;px&quot;,&quot;size&quot;:&quot;&quot;,&quot;sizes&quot;:[]},&quot;_transform_scale_effect&quot;:{&quot;unit&quot;:&quot;px&quot;,&quot;size&quot;:&quot;&quot;,&quot;sizes&quot;:[]},&quot;_transform_scale_effect_tablet&quot;:{&quot;unit&quot;:&quot;px&quot;,&quot;size&quot;:&quot;&quot;,&quot;sizes&quot;:[]},&quot;_transform_scale_effect_mobile&quot;:{&quot;unit&quot;:&quot;px&quot;,&quot;size&quot;:&quot;&quot;,&quot;sizes&quot;:[]}}\" data-widget_type=\"button.default\">\n\t\t\t\t\t\t\t\t\t\t<a class=\"elementor-button elementor-button-link elementor-size-sm\" href=\"#Rent\">\n\t\t\t\t\t\t<span class=\"elementor-button-content-wrapper\">\n\t\t\t\t\t\t\t\t\t<span class=\"elementor-button-text\">SAIBA MAIS<\/span>\n\t\t\t\t\t<\/span>\n\t\t\t\t\t<\/a>\n\t\t\t\t\t\t\t\t<\/div>\n\t\t\t\t<\/div>\n\t\t\t\t<\/div>\n\t\t\t\t\t<\/div>\n\t\t\t\t<\/div>\n\t\t<div class=\"elementor-element elementor-element-bbddcd1 elementor-hidden-desktop elementor-hidden-tablet e-flex e-con-boxed e-con e-parent\" data-id=\"bbddcd1\" data-element_type=\"container\" data-e-type=\"container\" data-settings=\"{&quot;background_background&quot;:&quot;classic&quot;}\">\n\t\t\t\t\t<div class=\"e-con-inner\">\n\t\t<div class=\"elementor-element elementor-element-c6d1b23 e-con-full e-flex e-con e-child\" data-id=\"c6d1b23\" data-element_type=\"container\" data-e-type=\"container\">\n\t\t<div class=\"elementor-element elementor-element-f2b88dc e-con-full e-flex e-con e-child\" data-id=\"f2b88dc\" data-element_type=\"container\" data-e-type=\"container\">\n\t\t\t\t<div class=\"elementor-element elementor-element-472e9fb elementor-widget elementor-widget-image\" data-id=\"472e9fb\" data-element_type=\"widget\" data-e-type=\"widget\" data-widget_type=\"image.default\">\n\t\t\t\t\t\t\t\t\t\t\t\t\t\t\t<img fetchpriority=\"high\" decoding=\"async\" width=\"800\" height=\"825\" src=\"https:\/\/rentapro.com.br\/rentaproacademy\/wp-content\/uploads\/2026\/03\/Logo-RAP-Academy.png\" class=\"attachment-large size-large wp-image-13\" alt=\"\" srcset=\"https:\/\/rentapro.com.br\/rentaproacademy\/wp-content\/uploads\/2026\/03\/Logo-RAP-Academy.png 910w, https:\/\/rentapro.com.br\/rentaproacademy\/wp-content\/uploads\/2026\/03\/Logo-RAP-Academy-291x300.png 291w, https:\/\/rentapro.com.br\/rentaproacademy\/wp-content\/uploads\/2026\/03\/Logo-RAP-Academy-768x792.png 768w\" sizes=\"(max-width: 800px) 100vw, 800px\" \/>\t\t\t\t\t\t\t\t\t\t\t\t\t\t\t<\/div>\n\t\t\t\t<div class=\"elementor-element elementor-element-5c7c0e0 elementor-widget elementor-widget-heading\" data-id=\"5c7c0e0\" data-element_type=\"widget\" data-e-type=\"widget\" data-widget_type=\"heading.default\">\n\t\t\t\t\t<h2 class=\"elementor-heading-title elementor-size-default\">Rent a Pro Academy: Futebol, Goleiro, Society e Treino Funcional para Todos<\/h2>\t\t\t\t<\/div>\n\t\t\t\t<div class=\"elementor-element elementor-element-d3dc427 elementor-widget__width-initial elementor-widget elementor-widget-text-editor\" data-id=\"d3dc427\" data-element_type=\"widget\" data-e-type=\"widget\" data-widget_type=\"text-editor.default\">\n\t\t\t\t\t\t\t\t\t<p>Na Rent a Pro Academy, oferecemos treinamentos de futebol, goleiro, treino funcional e loca\u00e7\u00e3o de campo society. Pais, a escolinha de futebol \u00e9 o lugar ideal para seu filho aprender, se divertir e se desenvolver!<\/p>\t\t\t\t\t\t\t\t<\/div>\n\t\t<div class=\"elementor-element elementor-element-6095b5e e-con-full e-flex e-con e-child\" data-id=\"6095b5e\" data-element_type=\"container\" data-e-type=\"container\">\n\t\t<div class=\"elementor-element elementor-element-19038ee e-con-full e-flex e-con e-child\" data-id=\"19038ee\" data-element_type=\"container\" data-e-type=\"container\">\n\t\t\t\t<div class=\"elementor-element elementor-element-2f8821a elementor-widget__width-initial elementor-widget elementor-widget-image\" data-id=\"2f8821a\" data-element_type=\"widget\" data-e-type=\"widget\" data-widget_type=\"image.default\">\n\t\t\t\t\t\t\t\t\t\t\t\t\t\t\t<img decoding=\"async\" width=\"100\" height=\"128\" src=\"https:\/\/rentapro.com.br\/rentaproacademy\/wp-content\/uploads\/2026\/03\/Pin.png\" class=\"attachment-large size-large wp-image-15\" alt=\"\" \/>\t\t\t\t\t\t\t\t\t\t\t\t\t\t\t<\/div>\n\t\t\t\t<div class=\"elementor-element elementor-element-cd35ae9 elementor-widget__width-auto elementor-widget-mobile__width-initial elementor-widget elementor-widget-heading\" data-id=\"cd35ae9\" data-element_type=\"widget\" data-e-type=\"widget\" data-widget_type=\"heading.default\">\n\t\t\t\t\t<h2 class=\"elementor-heading-title elementor-size-default\">JOCKEY CLUB DE SP<\/h2>\t\t\t\t<\/div>\n\t\t\t\t<\/div>\n\t\t\t\t<\/div>\n\t\t\t\t<div class=\"elementor-element elementor-element-73f3e94 elementor-align-center elementor-widget elementor-widget-button\" data-id=\"73f3e94\" data-element_type=\"widget\" data-e-type=\"widget\" data-widget_type=\"button.default\">\n\t\t\t\t\t\t\t\t\t\t<a class=\"elementor-button elementor-button-link elementor-size-sm\" href=\"#Rent\">\n\t\t\t\t\t\t<span class=\"elementor-button-content-wrapper\">\n\t\t\t\t\t\t\t\t\t<span class=\"elementor-button-text\">SAIBA MAIS<\/span>\n\t\t\t\t\t<\/span>\n\t\t\t\t\t<\/a>\n\t\t\t\t\t\t\t\t<\/div>\n\t\t\t\t<\/div>\n\t\t\t\t<\/div>\n\t\t\t\t\t<\/div>\n\t\t\t\t<\/div>\n\t\t<div class=\"elementor-element elementor-element-0681c9e e-flex e-con-boxed e-con e-parent\" data-id=\"0681c9e\" data-element_type=\"container\" data-e-type=\"container\" data-settings=\"{&quot;background_background&quot;:&quot;classic&quot;}\">\n\t\t\t\t\t<div class=\"e-con-inner\">\n\t\t\t\t<div class=\"elementor-element elementor-element-99f45f3 elementor-widget elementor-widget-menu-anchor\" data-id=\"99f45f3\" data-element_type=\"widget\" data-e-type=\"widget\" data-widget_type=\"menu-anchor.default\">\n\t\t\t\t\t\t\t<div class=\"elementor-menu-anchor\" id=\"Rent\"><\/div>\n\t\t\t\t\t\t<\/div>\n\t\t\t\t<div class=\"elementor-element elementor-element-612d7a0 elementor-widget elementor-widget-html\" data-id=\"612d7a0\" data-element_type=\"widget\" data-e-type=\"widget\" data-widget_type=\"html.default\">\n\t\t\t\t\t<!-- Bot\u00f5es -->\r\n<div class=\"button-container\">\r\n  <button class=\"custom-button\" onclick=\"showIframe('escolinha')\">Escolinha<\/button>\r\n  <button class=\"custom-button\" onclick=\"showIframe('funcional')\">Funcional Soccer<\/button>\r\n  <button class=\"custom-button\" onclick=\"showIframe('goleiro')\">Treinamento de Goleiros<\/button>\r\n  \r\n<\/div>\r\n\r\n<!-- Iframes -->\r\n<div id=\"iframe-container\" style=\"margin-top: 20px;\">\r\n  <iframe id=\"locacao\" style=\"display:none; width: 100%; height: 860px;\" src=\"https:\/\/embed.letzplay.me\/rentapro-academy\/location\"><\/iframe>\r\n  <iframe id=\"escolinha\" style=\"display:none; width: 100%; height: 860px;\" src=\"https:\/\/embed.letzplay.me\/rentapro-academy\/classrooms?stage=ESCOLINHA\"><\/iframe>\r\n  <iframe id=\"funcional\" style=\"display:none; width: 100%; height: 860px;\" src=\"https:\/\/embed.letzplay.me\/rentapro-academy\/classrooms?stage=FUNCIONAL\"><\/iframe>\r\n  <iframe id=\"goleiro\" style=\"display:none; width: 100%; height: 860px;\" src=\"https:\/\/embed.letzplay.me\/rentapro-academy\/classrooms?stage=GOLEIRO\"><\/iframe>\r\n  <iframe id=\"passe-livre\" style=\"display:none; width: 100%; height: 860px;\" src=\"https:\/\/embed.letzplay.me\/rentapro-academy\/classrooms?stage=PASSE-LIVRE\"><\/iframe>\r\n<\/div>\r\n\r\n<!-- Estilos CSS -->\r\n<style>\r\n  .button-container {\r\n    display: flex;\r\n    justify-content: center;\r\n    gap: 10px; \/* Espa\u00e7amento curto entre os bot\u00f5es *\/\r\n    margin-bottom: 20px;\r\n  }\r\n\r\n  .custom-button {\r\n    background-color: #f02940; \/* Cor de fundo do bot\u00e3o *\/\r\n    color: #0a094d; \/* Cor da fonte *\/\r\n    border: 2px solid #f02940; \/* Borda na cor do fundo *\/\r\n    border-radius: 8px; \/* Bordas levemente arredondadas *\/\r\n    padding: 10px 20px; \/* Preenchimento interno do bot\u00e3o *\/\r\n    font-size: 16px;\r\n    font-weight: bold;\r\n    cursor: pointer;\r\n    transition: background-color 0.3s ease, transform 0.2s ease;\r\n  }\r\n\r\n  \/* Efeito de clareamento ao passar o mouse *\/\r\n  .custom-button:hover {\r\n    background-color: #f57c82; \/* Clareamento leve *\/\r\n    transform: scale(1.05); \/* Aumento suave *\/\r\n  }\r\n\r\n  \/* Efeito ao selecionar *\/\r\n  .custom-button:active {\r\n    background-color: #d21c36; \/* Clareamento mais forte ao clicar *\/\r\n    transform: scale(1); \/* Reduz para o tamanho original *\/\r\n  }\r\n<\/style>\r\n\r\n<!-- JavaScript -->\r\n<script>\r\n  \/\/ Fun\u00e7\u00e3o para exibir o iframe correspondente\r\n  function showIframe(button) {\r\n    \/\/ Esconde todos os iframes\r\n    var iframes = document.querySelectorAll('iframe');\r\n    iframes.forEach(function(iframe) {\r\n      iframe.style.display = 'none';\r\n    });\r\n    \r\n    \/\/ Exibe o iframe correspondente ao bot\u00e3o clicado\r\n    document.getElementById(button).style.display = 'block';\r\n  }\r\n<\/script>\t\t\t\t<\/div>\n\t\t\t\t\t<\/div>\n\t\t\t\t<\/div>\n\t\t\t\t<\/div>\n\t\t","protected":false},"excerpt":{"rendered":"<p>Rent a Pro Academy: Futebol, Goleiro, Society e Treino Funcional para Todos Na Rent a Pro Academy, oferecemos treinamentos de futebol, goleiro, treino funcional e loca\u00e7\u00e3o de campo society. Pais, a escolinha de futebol \u00e9 o lugar ideal para seu filho aprender, se divertir e se desenvolver! JOCKEY CLUB DE SP SAIBA MAIS Rent a [&hellip;]<\/p>\n","protected":false},"author":1,"featured_media":0,"parent":0,"menu_order":0,"comment_status":"closed","ping_status":"closed","template":"elementor_canvas","meta":{"pagelayer_contact_templates":[],"_pagelayer_content":"","footnotes":""},"class_list":["post-22","page","type-page","status-publish","hentry"],"_links":{"self":[{"href":"https:\/\/rentapro.com.br\/rentaproacademy\/wp-json\/wp\/v2\/pages\/22","targetHints":{"allow":["GET"]}}],"collection":[{"href":"https:\/\/rentapro.com.br\/rentaproacademy\/wp-json\/wp\/v2\/pages"}],"about":[{"href":"https:\/\/rentapro.com.br\/rentaproacademy\/wp-json\/wp\/v2\/types\/page"}],"author":[{"embeddable":true,"href":"https:\/\/rentapro.com.br\/rentaproacademy\/wp-json\/wp\/v2\/users\/1"}],"replies":[{"embeddable":true,"href":"https:\/\/rentapro.com.br\/rentaproacademy\/wp-json\/wp\/v2\/comments?post=22"}],"version-history":[{"count":163,"href":"https:\/\/rentapro.com.br\/rentaproacademy\/wp-json\/wp\/v2\/pages\/22\/revisions"}],"predecessor-version":[{"id":228,"href":"https:\/\/rentapro.com.br\/rentaproacademy\/wp-json\/wp\/v2\/pages\/22\/revisions\/228"}],"wp:attachment":[{"href":"https:\/\/rentapro.com.br\/rentaproacademy\/wp-json\/wp\/v2\/media?parent=22"}],"curies":[{"name":"wp","href":"https:\/\/api.w.org\/{rel}","templated":true}]}}